{"id":4279,"date":"2022-06-07T11:20:54","date_gmt":"2022-06-07T14:20:54","guid":{"rendered":"https:\/\/famd.utalca.cl\/?page_id=4279"},"modified":"2022-06-14T22:00:31","modified_gmt":"2022-06-15T01:00:31","slug":"publicaciones-libros","status":"publish","type":"page","link":"https:\/\/famd.utalca.cl\/?page_id=4279","title":{"rendered":"Publicaciones, Libros"},"content":{"rendered":"\t\t<div data-elementor-type=\"wp-post\" data-elementor-id=\"4279\" class=\"elementor elementor-4279\" data-elementor-settings=\"[]\">\n\t\t\t\t\t\t\t<div class=\"elementor-section-wrap\">\n\t\t\t\t\t\t\t<section class=\"elementor-section elementor-top-section elementor-element elementor-element-c2cb298 elementor-section-boxed elementor-section-height-default elementor-section-height-default\" data-id=\"c2cb298\" data-element_type=\"section\" data-settings=\"{&quot;architecturer_ext_is_background_parallax&quot;:&quot;false&quot;,&quot;architecturer_ext_is_background_on_scroll&quot;:&quot;false&quot;}\">\n\t\t\t\t\t\t<div class=\"elementor-container elementor-column-gap-no\">\n\t\t\t\t\t<div class=\"elementor-column elementor-col-50 elementor-top-column elementor-element elementor-element-7a5616b\" data-id=\"7a5616b\" data-element_type=\"column\" data-settings=\"{&quot;architecturer_ext_is_mobile_menu&quot;:&quot;false&quot;,&quot;architecturer_ext_is_scrollme&quot;:&quot;false&quot;,&quot;architecturer_ext_is_smoove&quot;:&quot;false&quot;,&quot;architecturer_ext_is_parallax_mouse&quot;:&quot;false&quot;,&quot;architecturer_ext_is_infinite&quot;:&quot;false&quot;,&quot;architecturer_ext_is_fadeout_animation&quot;:&quot;false&quot;}\">\n\t\t\t<div class=\"elementor-widget-wrap elementor-element-populated\">\n\t\t\t\t\t\t\t\t<div class=\"elementor-element elementor-element-1c713d3 animated-fast elementor-invisible elementor-widget elementor-widget-text-editor\" data-id=\"1c713d3\" data-element_type=\"widget\" data-settings=\"{&quot;_animation&quot;:&quot;fadeInUp&quot;,&quot;architecturer_ext_is_mobile_menu&quot;:&quot;false&quot;,&quot;architecturer_ext_is_scrollme&quot;:&quot;false&quot;,&quot;architecturer_ext_is_smoove&quot;:&quot;false&quot;,&quot;architecturer_ext_is_parallax_mouse&quot;:&quot;false&quot;,&quot;architecturer_ext_is_infinite&quot;:&quot;false&quot;,&quot;architecturer_ext_is_fadeout_animation&quot;:&quot;false&quot;}\" data-widget_type=\"text-editor.default\">\n\t\t\t\t<div class=\"elementor-widget-container\">\n\t\t\t\t\t\t\t\t\t\t\t\t\t<\/div>\n\t\t\t\t<\/div>\n\t\t\t\t<div class=\"elementor-element elementor-element-2d526ae animated-fast elementor-invisible elementor-widget elementor-widget-heading\" data-id=\"2d526ae\" data-element_type=\"widget\" data-settings=\"{&quot;_animation&quot;:&quot;fadeInUp&quot;,&quot;_animation_delay&quot;:200,&quot;architecturer_ext_is_mobile_menu&quot;:&quot;false&quot;,&quot;architecturer_ext_is_scrollme&quot;:&quot;false&quot;,&quot;architecturer_ext_is_smoove&quot;:&quot;false&quot;,&quot;architecturer_ext_is_parallax_mouse&quot;:&quot;false&quot;,&quot;architecturer_ext_is_infinite&quot;:&quot;false&quot;,&quot;architecturer_ext_is_fadeout_animation&quot;:&quot;false&quot;}\" data-widget_type=\"heading.default\">\n\t\t\t\t<div class=\"elementor-widget-container\">\n\t\t\t<h1 class=\"elementor-heading-title elementor-size-default\"><span style=\"letter-spacing: 0px;\">Publicaciones, Libros<\/span><br><\/h1>\t\t<\/div>\n\t\t\t\t<\/div>\n\t\t\t\t<div class=\"elementor-element elementor-element-3a5d4a6 animated-fast elementor-invisible elementor-widget elementor-widget-text-editor\" data-id=\"3a5d4a6\" data-element_type=\"widget\" data-settings=\"{&quot;_animation&quot;:&quot;fadeInUp&quot;,&quot;_animation_delay&quot;:400,&quot;architecturer_ext_is_mobile_menu&quot;:&quot;false&quot;,&quot;architecturer_ext_is_scrollme&quot;:&quot;false&quot;,&quot;architecturer_ext_is_smoove&quot;:&quot;false&quot;,&quot;architecturer_ext_is_parallax_mouse&quot;:&quot;false&quot;,&quot;architecturer_ext_is_infinite&quot;:&quot;false&quot;,&quot;architecturer_ext_is_fadeout_animation&quot;:&quot;false&quot;}\" data-widget_type=\"text-editor.default\">\n\t\t\t\t<div class=\"elementor-widget-container\">\n\t\t\t\t\t\t\t<p style=\"margin: 0cm; line-height: 22px; font-size: 11pt; font-family: Calibri, sans-serif; color: #000000; font-style: normal; font-weight: 400;\"><b><span style=\"font-size: 12pt; line-height: 24px; font-family: Helvetica, sans-serif;\">Arquitectura<\/span><\/b><\/p><p style=\"margin: 0cm 0cm 10pt; line-height: 22px; font-size: 11pt; font-family: Calibri, sans-serif; color: #000000; font-style: normal; font-weight: 400;\"><span style=\"font-size: 12pt; line-height: 24px; font-family: Helvetica, sans-serif; color: #7f7f7f;\">2021<\/span><\/p><p style=\"margin: 0cm 0cm 10pt; line-height: 22px; font-size: 11pt; font-family: Calibri, sans-serif; color: #000000; font-style: normal; font-weight: 400;\"><span style=\"font-size: 12pt; line-height: 24px; font-family: Helvetica, sans-serif; color: #7f7f7f;\">VALENZUELA, German. Del territorio al detalle. Editorial Bifurcaciones. Chile.<\/span><\/p><p style=\"margin: 0cm 0cm 10pt; line-height: 22px; font-size: 11pt; font-family: Calibri, sans-serif; color: #000000; font-style: normal; font-weight: 400;\"><span style=\"font-size: 12pt; line-height: 24px; font-family: Helvetica, sans-serif; color: #7f7f7f;\">ZU\u00d1IGA, Blanca. Espacio p\u00fablico rural. Sa Cabana Editorial. Chile.<\/span><\/p><p style=\"margin: 0cm 0cm 10pt; line-height: 22px; font-size: 11pt; font-family: Calibri, sans-serif; color: #000000; font-style: normal; font-weight: 400;\"><span style=\"font-size: 12pt; line-height: 24px; font-family: Helvetica, sans-serif; color: #7f7f7f;\">2020<\/span><\/p><p style=\"margin: 0cm 0cm 10pt; line-height: 22px; font-size: 11pt; font-family: Calibri, sans-serif; color: #000000; font-style: normal; font-weight: 400;\"><span style=\"font-size: 12pt; line-height: 24px; font-family: Helvetica, sans-serif; color: #7f7f7f;\">MARAGA\u00d1O, Andr\u00e9s. El Libro De La C\u00e1rcel. Memoria y patrimonio urbano de Talca. Corporaci\u00f3n Cultural, I. Municipalidad de Talca<\/span><\/p><p style=\"margin: 0cm 0cm 10pt; line-height: 22px; font-size: 11pt; font-family: Calibri, sans-serif; color: #000000; font-style: normal; font-weight: 400;\"><span style=\"font-size: 12pt; line-height: 24px; font-family: Helvetica, sans-serif; color: #7f7f7f;\">2018<\/span><\/p><p style=\"margin: 0cm 0cm 10pt; line-height: 22px; font-size: 11pt; font-family: Calibri, sans-serif; color: #000000; font-style: normal;\"><span style=\"font-size: 12pt; line-height: 24px; font-family: Helvetica, sans-serif; color: #7f7f7f;\">BOANO, Camilo; MARAGA\u00d1O, Andr\u00e9s; DIAZ, Iban. <span style=\"font-family: Helvetica, sans-serif; background-image: initial; background-position: initial; background-size: initial; background-repeat: initial; background-attachment: initial; background-origin: initial; background-clip: initial;\">Reconstrucci\u00f3n de Ciudades Intermedias en el Siglo XX: Procesos de gentrificaci\u00f3n post desastres naturales. Editorial Universidad de Talca. Chile.<\/span><\/span><\/p><p style=\"margin: 0cm 0cm 10pt; line-height: 22px; font-size: 11pt; font-family: Calibri, sans-serif; color: #000000; font-style: normal; font-weight: 400;\"><span style=\"font-size: 12pt; line-height: 24px; font-family: Helvetica, sans-serif; color: #7f7f7f;\">2016<\/span><\/p><p style=\"margin: 0cm 0cm 10pt; line-height: 22px; font-size: 11pt; font-family: Calibri, sans-serif; color: #000000; font-style: normal; font-weight: 400;\"><span style=\"font-size: 12pt; line-height: 24px; font-family: Helvetica, sans-serif; color: #7f7f7f;\">ROMAN, Juan; URIBE, Jos\u00e9 Luis. <\/span><span lang=\"EN-US\" style=\"font-size: 12pt; line-height: 24px; font-family: Helvetica, sans-serif; color: #7f7f7f;\">Against the Tide: Pavilion of Chile at the 15th International Architecture Exhibition, La Biennale di Venezia. <\/span><span style=\"font-size: 12pt; line-height: 24px; font-family: Helvetica, sans-serif; color: #7f7f7f;\">Editorial Hatje Cantz. Alemania.<\/span><\/p><p style=\"margin: 0cm 0cm 10pt; line-height: 22px; font-size: 11pt; font-family: Calibri, sans-serif; color: #000000; font-style: normal; font-weight: 400;\"><span style=\"font-size: 12pt; line-height: 24px; font-family: Helvetica, sans-serif; color: #7f7f7f;\">URIBE, Jos\u00e9 Luis. Cat\u00e1logo &#8220;Primera Exposici\u00f3n de Arquitectura Emergente en el Maule&#8221;. Autoedici\u00f3n. Chile.<\/span><\/p><p style=\"margin: 0cm 0cm 10pt; line-height: 22px; font-size: 11pt; font-family: Calibri, sans-serif; color: #000000; font-style: normal; font-weight: 400;\"><b style=\"font-size: 11pt;\"><span style=\"font-size: 12pt; line-height: 18.4px; font-family: Helvetica, sans-serif;\">M\u00fasica<\/span><\/b><\/p><p style=\"margin: 0cm 0cm 10pt; line-height: 22px; font-size: 11pt; font-family: Calibri, sans-serif; color: #000000; font-style: normal; font-weight: 400;\"><span style=\"font-size: 12pt; line-height: 24px; font-family: Helvetica, sans-serif; color: #7f7f7f;\">2015<\/span><\/p><p style=\"margin: 0cm 0cm 10pt; line-height: 22px; font-size: 11pt; font-family: Calibri, sans-serif; color: #000000; font-style: normal; font-weight: 400;\"><span style=\"font-size: 12pt; line-height: 24px; font-family: Helvetica, sans-serif; color: #7f7f7f;\">MARTINEZ, Gonzalo. Aspectos de la M\u00fasica del Siglo XX. Una visi\u00f3n anal\u00edtica. Talca: ed. Universidad de Talca, 2015. <\/span><span style=\"font-size: 12pt; line-height: 24px; font-family: Helvetica, sans-serif; color: #7f7f7f;\"><a style=\"color: blue; text-decoration-line: underline;\" href=\"http:\/\/condor2.utalca.cl\/pls\/cob3\/venta_online.portal_ventas?s=1\"><span style=\"color: #7f7f7f;\">http:\/\/condor2.utalca.cl\/pls\/cob3\/venta_online.portal_ventas?s=1<\/span><\/a><\/span><\/p><p style=\"margin: 0cm 0cm 10pt; line-height: 22px; font-size: 11pt; font-family: Calibri, sans-serif; color: #000000; font-style: normal; font-weight: 400;\"><b style=\"font-size: 11pt;\"><span style=\"font-size: 12pt; line-height: 24px; font-family: Helvetica, sans-serif;\">Dise\u00f1o<\/span><\/b><\/p><p style=\"margin: 0cm 0cm 10pt; line-height: 22px; font-size: 11pt; font-family: Calibri, sans-serif; color: #000000; font-style: normal; font-weight: 400;\"><span style=\"font-size: 12pt; line-height: 24px; font-family: Helvetica, sans-serif; color: #7f7f7f;\">2019<\/span><\/p><p style=\"margin: 0cm 0cm 10pt; line-height: normal; font-size: 11pt; font-family: Calibri, sans-serif; color: #000000; font-style: normal;\"><span style=\"font-style: normal; font-size: 12pt; line-height: 18.4px; font-family: Helvetica, sans-serif; color: #7f7f7f;\">MU\u00d1OZ, Gonzalo. El dibujo desde el error. <span style=\"font-family: Helvetica, sans-serif; background-image: initial; background-position: initial; background-size: initial; background-repeat: initial; background-attachment: initial; background-origin: initial; background-clip: initial;\">Editorial Universidad de Talca. Chile.<\/span><\/span><\/p><p style=\"margin: 0cm; line-height: 22px; font-size: 11pt; font-family: Calibri, sans-serif; color: #000000; font-style: normal; font-weight: 400;\"><b><span style=\"font-size: 12pt; line-height: 24px; font-family: Helvetica, sans-serif;\">\u00a0<\/span><\/b><\/p><p style=\"margin: 0cm 0cm 10pt; line-height: 22px; font-size: 11pt; font-family: Calibri, sans-serif; color: #000000; font-style: normal; font-weight: 400;\">\u00a0<\/p>\t\t\t\t\t\t<\/div>\n\t\t\t\t<\/div>\n\t\t\t\t\t<\/div>\n\t\t<\/div>\n\t\t\t\t<div class=\"elementor-column elementor-col-50 elementor-top-column elementor-element elementor-element-8760891\" data-id=\"8760891\" data-element_type=\"column\" data-settings=\"{&quot;architecturer_ext_is_mobile_menu&quot;:&quot;false&quot;,&quot;architecturer_ext_is_scrollme&quot;:&quot;false&quot;,&quot;architecturer_ext_is_smoove&quot;:&quot;false&quot;,&quot;architecturer_ext_is_parallax_mouse&quot;:&quot;false&quot;,&quot;architecturer_ext_is_infinite&quot;:&quot;false&quot;,&quot;architecturer_ext_is_fadeout_animation&quot;:&quot;false&quot;}\">\n\t\t\t<div class=\"elementor-widget-wrap\">\n\t\t\t\t\t\t\t\t\t<\/div>\n\t\t<\/div>\n\t\t\t\t\t\t\t<\/div>\n\t\t<\/section>\n\t\t\t\t\t\t<\/div>\n\t\t\t\t\t<\/div>\n\t\t","protected":false},"excerpt":{"rendered":"<p>Publicaciones, Libros Arquitectura 2021 VALENZUELA, German. Del territorio al detalle. Editorial Bifurcaciones. Chile. ZU\u00d1IGA, Blanca. Espacio p\u00fablico rural. Sa Cabana Editorial. Chile. 2020 MARAGA\u00d1O, Andr\u00e9s. El Libro De La C\u00e1rcel. Memoria y patrimonio urbano de Talca. Corporaci\u00f3n Cultural, I. Municipalidad [&hellip;]<\/p>\n","protected":false},"author":1,"featured_media":0,"parent":0,"menu_order":0,"comment_status":"closed","ping_status":"closed","template":"","meta":[],"_links":{"self":[{"href":"https:\/\/famd.utalca.cl\/index.php?rest_route=\/wp\/v2\/pages\/4279"}],"collection":[{"href":"https:\/\/famd.utalca.cl\/index.php?rest_route=\/wp\/v2\/pages"}],"about":[{"href":"https:\/\/famd.utalca.cl\/index.php?rest_route=\/wp\/v2\/types\/page"}],"author":[{"embeddable":true,"href":"https:\/\/famd.utalca.cl\/index.php?rest_route=\/wp\/v2\/users\/1"}],"replies":[{"embeddable":true,"href":"https:\/\/famd.utalca.cl\/index.php?rest_route=%2Fwp%2Fv2%2Fcomments&post=4279"}],"version-history":[{"count":19,"href":"https:\/\/famd.utalca.cl\/index.php?rest_route=\/wp\/v2\/pages\/4279\/revisions"}],"predecessor-version":[{"id":4403,"href":"https:\/\/famd.utalca.cl\/index.php?rest_route=\/wp\/v2\/pages\/4279\/revisions\/4403"}],"wp:attachment":[{"href":"https:\/\/famd.utalca.cl\/index.php?rest_route=%2Fwp%2Fv2%2Fmedia&parent=4279"}],"curies":[{"name":"wp","href":"https:\/\/api.w.org\/{rel}","templated":true}]}}

<div data-elementor-type="wp-post" data-elementor-id="4279" class="elementor elementor-4279" data-elementor-settings="[]">
							<div class="elementor-section-wrap">
							<section class="elementor-section elementor-top-section elementor-element elementor-element-c2cb298 elementor-section-boxed elementor-section-height-default elementor-section-height-default" data-id="c2cb298" data-element_type="section" data-settings="{&quot;architecturer_ext_is_background_parallax&quot;:&quot;false&quot;,&quot;architecturer_ext_is_background_on_scroll&quot;:&quot;false&quot;}">
						<div class="elementor-container elementor-column-gap-no">
					<div class="elementor-column elementor-col-50 elementor-top-column elementor-element elementor-element-7a5616b" data-id="7a5616b" data-element_type="column" data-settings="{&quot;architecturer_ext_is_mobile_menu&quot;:&quot;false&quot;,&quot;architecturer_ext_is_scrollme&quot;:&quot;false&quot;,&quot;architecturer_ext_is_smoove&quot;:&quot;false&quot;,&quot;architecturer_ext_is_parallax_mouse&quot;:&quot;false&quot;,&quot;architecturer_ext_is_infinite&quot;:&quot;false&quot;,&quot;architecturer_ext_is_fadeout_animation&quot;:&quot;false&quot;}">
			<div class="elementor-widget-wrap elementor-element-populated">
								<div class="elementor-element elementor-element-1c713d3 animated-fast elementor-invisible elementor-widget elementor-widget-text-editor" data-id="1c713d3" data-element_type="widget" data-settings="{&quot;_animation&quot;:&quot;fadeInUp&quot;,&quot;architecturer_ext_is_mobile_menu&quot;:&quot;false&quot;,&quot;architecturer_ext_is_scrollme&quot;:&quot;false&quot;,&quot;architecturer_ext_is_smoove&quot;:&quot;false&quot;,&quot;architecturer_ext_is_parallax_mouse&quot;:&quot;false&quot;,&quot;architecturer_ext_is_infinite&quot;:&quot;false&quot;,&quot;architecturer_ext_is_fadeout_animation&quot;:&quot;false&quot;}" data-widget_type="text-editor.default">
				<div class="elementor-widget-container">
													</div>
				</div>
				<div class="elementor-element elementor-element-2d526ae animated-fast elementor-invisible elementor-widget elementor-widget-heading" data-id="2d526ae" data-element_type="widget" data-settings="{&quot;_animation&quot;:&quot;fadeInUp&quot;,&quot;_animation_delay&quot;:200,&quot;architecturer_ext_is_mobile_menu&quot;:&quot;false&quot;,&quot;architecturer_ext_is_scrollme&quot;:&quot;false&quot;,&quot;architecturer_ext_is_smoove&quot;:&quot;false&quot;,&quot;architecturer_ext_is_parallax_mouse&quot;:&quot;false&quot;,&quot;architecturer_ext_is_infinite&quot;:&quot;false&quot;,&quot;architecturer_ext_is_fadeout_animation&quot;:&quot;false&quot;}" data-widget_type="heading.default">
				<div class="elementor-widget-container">
			<h1 class="elementor-heading-title elementor-size-default"><span style="letter-spacing: 0px;">Publicaciones, Libros</span><br></h1>		</div>
				</div>
				<div class="elementor-element elementor-element-3a5d4a6 animated-fast elementor-invisible elementor-widget elementor-widget-text-editor" data-id="3a5d4a6" data-element_type="widget" data-settings="{&quot;_animation&quot;:&quot;fadeInUp&quot;,&quot;_animation_delay&quot;:400,&quot;architecturer_ext_is_mobile_menu&quot;:&quot;false&quot;,&quot;architecturer_ext_is_scrollme&quot;:&quot;false&quot;,&quot;architecturer_ext_is_smoove&quot;:&quot;false&quot;,&quot;architecturer_ext_is_parallax_mouse&quot;:&quot;false&quot;,&quot;architecturer_ext_is_infinite&quot;:&quot;false&quot;,&quot;architecturer_ext_is_fadeout_animation&quot;:&quot;false&quot;}" data-widget_type="text-editor.default">
				<div class="elementor-widget-container">
							<p style="margin: 0cm; line-height: 22px; font-size: 11pt; font-family: Calibri, sans-serif; color: #000000; font-style: normal; font-weight: 400;"><b><span style="font-size: 12pt; line-height: 24px; font-family: Helvetica, sans-serif;">Arquitectura</span></b></p><p style="margin: 0cm 0cm 10pt; line-height: 22px; font-size: 11pt; font-family: Calibri, sans-serif; color: #000000; font-style: normal; font-weight: 400;"><span style="font-size: 12pt; line-height: 24px; font-family: Helvetica, sans-serif; color: #7f7f7f;">2021</span></p><p style="margin: 0cm 0cm 10pt; line-height: 22px; font-size: 11pt; font-family: Calibri, sans-serif; color: #000000; font-style: normal; font-weight: 400;"><span style="font-size: 12pt; line-height: 24px; font-family: Helvetica, sans-serif; color: #7f7f7f;">VALENZUELA, German. Del territorio al detalle. Editorial Bifurcaciones. Chile.</span></p><p style="margin: 0cm 0cm 10pt; line-height: 22px; font-size: 11pt; font-family: Calibri, sans-serif; color: #000000; font-style: normal; font-weight: 400;"><span style="font-size: 12pt; line-height: 24px; font-family: Helvetica, sans-serif; color: #7f7f7f;">ZUÑIGA, Blanca. Espacio público rural. Sa Cabana Editorial. Chile.</span></p><p style="margin: 0cm 0cm 10pt; line-height: 22px; font-size: 11pt; font-family: Calibri, sans-serif; color: #000000; font-style: normal; font-weight: 400;"><span style="font-size: 12pt; line-height: 24px; font-family: Helvetica, sans-serif; color: #7f7f7f;">2020</span></p><p style="margin: 0cm 0cm 10pt; line-height: 22px; font-size: 11pt; font-family: Calibri, sans-serif; color: #000000; font-style: normal; font-weight: 400;"><span style="font-size: 12pt; line-height: 24px; font-family: Helvetica, sans-serif; color: #7f7f7f;">MARAGAÑO, Andrés. El Libro De La Cárcel. Memoria y patrimonio urbano de Talca. Corporación Cultural, I. Municipalidad de Talca</span></p><p style="margin: 0cm 0cm 10pt; line-height: 22px; font-size: 11pt; font-family: Calibri, sans-serif; color: #000000; font-style: normal; font-weight: 400;"><span style="font-size: 12pt; line-height: 24px; font-family: Helvetica, sans-serif; color: #7f7f7f;">2018</span></p><p style="margin: 0cm 0cm 10pt; line-height: 22px; font-size: 11pt; font-family: Calibri, sans-serif; color: #000000; font-style: normal;"><span style="font-size: 12pt; line-height: 24px; font-family: Helvetica, sans-serif; color: #7f7f7f;">BOANO, Camilo; MARAGAÑO, Andrés; DIAZ, Iban. <span style="font-family: Helvetica, sans-serif; background-image: initial; background-position: initial; background-size: initial; background-repeat: initial; background-attachment: initial; background-origin: initial; background-clip: initial;">Reconstrucción de Ciudades Intermedias en el Siglo XX: Procesos de gentrificación post desastres naturales. Editorial Universidad de Talca. Chile.</span></span></p><p style="margin: 0cm 0cm 10pt; line-height: 22px; font-size: 11pt; font-family: Calibri, sans-serif; color: #000000; font-style: normal; font-weight: 400;"><span style="font-size: 12pt; line-height: 24px; font-family: Helvetica, sans-serif; color: #7f7f7f;">2016</span></p><p style="margin: 0cm 0cm 10pt; line-height: 22px; font-size: 11pt; font-family: Calibri, sans-serif; color: #000000; font-style: normal; font-weight: 400;"><span style="font-size: 12pt; line-height: 24px; font-family: Helvetica, sans-serif; color: #7f7f7f;">ROMAN, Juan; URIBE, José Luis. </span><span lang="EN-US" style="font-size: 12pt; line-height: 24px; font-family: Helvetica, sans-serif; color: #7f7f7f;">Against the Tide: Pavilion of Chile at the 15th International Architecture Exhibition, La Biennale di Venezia. </span><span style="font-size: 12pt; line-height: 24px; font-family: Helvetica, sans-serif; color: #7f7f7f;">Editorial Hatje Cantz. Alemania.</span></p><p style="margin: 0cm 0cm 10pt; line-height: 22px; font-size: 11pt; font-family: Calibri, sans-serif; color: #000000; font-style: normal; font-weight: 400;"><span style="font-size: 12pt; line-height: 24px; font-family: Helvetica, sans-serif; color: #7f7f7f;">URIBE, José Luis. Catálogo &#8220;Primera Exposición de Arquitectura Emergente en el Maule&#8221;. Autoedición. Chile.</span></p><p style="margin: 0cm 0cm 10pt; line-height: 22px; font-size: 11pt; font-family: Calibri, sans-serif; color: #000000; font-style: normal; font-weight: 400;"><b style="font-size: 11pt;"><span style="font-size: 12pt; line-height: 18.4px; font-family: Helvetica, sans-serif;">Música</span></b></p><p style="margin: 0cm 0cm 10pt; line-height: 22px; font-size: 11pt; font-family: Calibri, sans-serif; color: #000000; font-style: normal; font-weight: 400;"><span style="font-size: 12pt; line-height: 24px; font-family: Helvetica, sans-serif; color: #7f7f7f;">2015</span></p><p style="margin: 0cm 0cm 10pt; line-height: 22px; font-size: 11pt; font-family: Calibri, sans-serif; color: #000000; font-style: normal; font-weight: 400;"><span style="font-size: 12pt; line-height: 24px; font-family: Helvetica, sans-serif; color: #7f7f7f;">MARTINEZ, Gonzalo. Aspectos de la Música del Siglo XX. Una visión analítica. Talca: ed. Universidad de Talca, 2015. </span><span style="font-size: 12pt; line-height: 24px; font-family: Helvetica, sans-serif; color: #7f7f7f;"><a style="color: blue; text-decoration-line: underline;" href="http://condor2.utalca.cl/pls/cob3/venta_online.portal_ventas?s=1"><span style="color: #7f7f7f;">http://condor2.utalca.cl/pls/cob3/venta_online.portal_ventas?s=1</span></a></span></p><p style="margin: 0cm 0cm 10pt; line-height: 22px; font-size: 11pt; font-family: Calibri, sans-serif; color: #000000; font-style: normal; font-weight: 400;"><b style="font-size: 11pt;"><span style="font-size: 12pt; line-height: 24px; font-family: Helvetica, sans-serif;">Diseño</span></b></p><p style="margin: 0cm 0cm 10pt; line-height: 22px; font-size: 11pt; font-family: Calibri, sans-serif; color: #000000; font-style: normal; font-weight: 400;"><span style="font-size: 12pt; line-height: 24px; font-family: Helvetica, sans-serif; color: #7f7f7f;">2019</span></p><p style="margin: 0cm 0cm 10pt; line-height: normal; font-size: 11pt; font-family: Calibri, sans-serif; color: #000000; font-style: normal;"><span style="font-style: normal; font-size: 12pt; line-height: 18.4px; font-family: Helvetica, sans-serif; color: #7f7f7f;">MUÑOZ, Gonzalo. El dibujo desde el error. <span style="font-family: Helvetica, sans-serif; background-image: initial; background-position: initial; background-size: initial; background-repeat: initial; background-attachment: initial; background-origin: initial; background-clip: initial;">Editorial Universidad de Talca. Chile.</span></span></p><p style="margin: 0cm; line-height: 22px; font-size: 11pt; font-family: Calibri, sans-serif; color: #000000; font-style: normal; font-weight: 400;"><b><span style="font-size: 12pt; line-height: 24px; font-family: Helvetica, sans-serif;"> </span></b></p><p style="margin: 0cm 0cm 10pt; line-height: 22px; font-size: 11pt; font-family: Calibri, sans-serif; color: #000000; font-style: normal; font-weight: 400;"> </p>						</div>
				</div>
					</div>
		</div>
				<div class="elementor-column elementor-col-50 elementor-top-column elementor-element elementor-element-8760891" data-id="8760891" data-element_type="column" data-settings="{&quot;architecturer_ext_is_mobile_menu&quot;:&quot;false&quot;,&quot;architecturer_ext_is_scrollme&quot;:&quot;false&quot;,&quot;architecturer_ext_is_smoove&quot;:&quot;false&quot;,&quot;architecturer_ext_is_parallax_mouse&quot;:&quot;false&quot;,&quot;architecturer_ext_is_infinite&quot;:&quot;false&quot;,&quot;architecturer_ext_is_fadeout_animation&quot;:&quot;false&quot;}">
			<div class="elementor-widget-wrap">
									</div>
		</div>
							</div>
		</section>
						</div>
					</div>

<p>Publicaciones, Libros Arquitectura 2021 VALENZUELA, German. Del territorio al detalle. Editorial Bifurcaciones. Chile. ZUÑIGA, Blanca. Espacio público rural. Sa Cabana Editorial. Chile. 2020 MARAGAÑO, Andrés. El Libro De La Cárcel. Memoria y patrimonio urbano de Talca. Corporación Cultural, I. Municipalidad [&hellip;]</p>
